2*s - o + 107 = v, -5*s + 273 = -3*o. Suppose -l = 2*l - s. What is the tens digit of l?
1
Let b = 77038 + -41130. What is the tens digit of b?
0
Let s(h) = -1129*h - 316. What is the tens digit of s(-3)?
7
Suppose 1950*q + 147103 = 1993*q. What is the units digit of q?
1
Suppose -22551 + 269072 = 25*n - 14*n. What is the tens digit of n?
1
Let z = 10 + -3. Suppose z*q + 80 = -172. What is the tens digit of (-568)/q - (-2)/9?
1
Suppose 7*o - 82545 = 214*o - 1084839. What is the hundreds digit of o?
8
Suppose 4*w + q - 156450 = 0, 2*w - 3*q = 2*q + 78258. What is the hundreds digit of w?
1
Suppose -g = m - 14, -2*m - 42 + 0 = -5*g. Suppose -8*j = -g*j + 6. What is the tens digit of j/12*2*274?
3
What is the tens digit of (176/(-110))/(10/(-14325))?
9
Let i(c) = 122*c**2 + 77*c - 123. What is the hundreds digit of i(-5)?
5
Let s = 425 - -1753. What is the thousands digit of s?
2
Let x(k) = 4*k**2 + 35*k + 267. What is the units digit of x(-52)?
3
Let z be 39*((-3 - -6) + -2). Let b = z - 321. Let q = 548 + b. What is the tens digit of q?
6
Suppose -12*x + 40 = -14*x. Let n = 22 + x. Suppose 0*y + n*y = 176. What is the tens digit of y?
8
Suppose 0 = -5*v - 0*v + 5*y + 199760, -4*y - 79900 = -2*v. What is the ten thousands digit of v?
3
Let o(y) = -y**3 - 13*y**2 - 72*y - 37. What is the thousands digit of o(-23)?
6
Suppose -2*d = 22 - 26. Suppose 0 = -d*i + 22 + 48. Suppose 4*p - i = 37. What is the tens digit of p?
1
Suppose -6102 - 7738 = -20*m. What is the tens digit of m?
9
Let b(n) = n**3 + 9*n**2 + 18*n + 3. Let p be b(-6). Suppose 2*j = 3*w + 504, 2*j - 488 = -8*w + p*w. What is the hundreds digit of j?
2
Let b(r) = -6*r**3 + 24*r**2 - 81*r + 1. Let d(c) = -5*c**3 + 25*c**2 - 82*c + 1. Let o(y) = -4*b(y) + 5*d(y). What is the hundreds digit of o(25)?
3
Let a(g) = -2*g**2 + 5*g + 15. Let f be a(3). Suppose 3*h + 1728 = f*h. What is the units digit of h?
2
Let s(f) = 8*f - 19. Let v be s(3). Suppose -5*g - y = -3412, -10*g + v*g = -4*y - 3402. What is the hundreds digit of g?
6
Suppose -47 = -5*b + i, -17*b + 14*b + 31 = -2*i. Suppose -b*f = -5023 - 89. What is the hundreds digit of f?
5
Let k(v) = 171*v + 10323. What is the thousands digit of k(0)?
0
Let x = -61834 - -115603. What is the tens digit of x?
6
Let o(p) = 904*p - 638. What is the thousands digit of o(21)?
8
Let k = 249 + -193. Suppose -48*w - 2280 = -k*w. What is the tens digit of w?
8
Let x(s) = 31*s**2 + 2*s + 1. Let f be x(-1). Let y = 1737 - 729. What is the tens digit of f/(-9)*y/(-30)?
1
Let m = 0 + 16. Let o(z) = -20 - 26 + m + 10*z. What is the units digit of o(13)?
0
What is the hundreds digit of (12 - (-9398 + -13)) + 14?
4
Suppose 3*n + 9 = 0, 54*p + n = 55*p - 4375. What is the units digit of p?
2
Suppose -21*o + 200897 = 38987. What is the hundreds digit of o?
7
Let h(o) = o**2 - 9*o + 10. Let f = 30 + -38. Let u be h(f). Let r = u + -105. What is the tens digit of r?
4
Let f be 6268 - (-6 + (3 - (3 - 3))). Suppose f = 5*z + 4*v, -2*z + 18*v + 2512 = 16*v. What is the hundreds digit of z?
2
Suppose -4*l = -2*o - 0*o - 818, 4*l + 8 = 0. Let m = o + 726. Suppose 2*a = 5*j - 448, -4*a + m + 51 = 4*j. What is the units digit of j?
0
Let u = 54 - 52. Let t be (-1)/(u + -1) + 12. Suppose -168 = t*w - 15*w. What is the tens digit of w?
4
What is the units digit of (2/(-30)*12)/((-26)/765245)?
6
Suppose 2*z = -r + 46023, -16*z + 46033 = r - 24*z. What is the hundreds digit of r?
0
Suppose v = -v + 3*v. Suppose 3*i - 21 = -3*w + 15, v = -3*i. Suppose 0 = 10*b - w*b + 16. What is the units digit of b?
8
Let c(l) = 7*l**3 - l - 6. Let x(y) = -y**3 - 4*y**2 + 5. Let o be x(-4). Suppose o*q - 10 = 5. What is the tens digit of c(q)?
8
Suppose 14*t = 15*t. Suppose 4*h + 340 = -3*a, 0 = -h - t*a + 3*a - 70. Let b = h + 194. What is the hundreds digit of b?
1
Let s be ((-6)/8)/((-5)/(-20)) - -1080. Let l = s - 2822. What is the tens digit of 2/(-12) - l/30?
5
Suppose -56979 = -3*t + 2*o, -19*t + 24*t = -9*o + 95002. What is the thousands digit of t?
8
Let t(m) = 90*m - 18. Let g(a) = a**3 + a**2 - 20*a + 6. Let c be g(-5). What is the units digit of t(c)?
2
Let z be (-7)/((-21)/12)*-1*398. Let o = -1055 - z. What is the units digit of o?
7
What is the hundreds digit of 29107/(-26)*-2 - (1 - -2)?
2
Let w(n) = -3*n**3 + 2*n**2 - 2*n + 35. What is the hundreds digit of w(-11)?
2
Suppose 2*i = -309 + 299, -v + 5*i + 14649 = 0. What is the tens digit of v?
2
Let m = -106 - -188. Let s = 82 - m. Suppose -2*w + 492 = 2*x, s = -3*w - w + 5*x + 975. What is the tens digit of w?
4
Let q(m) = 1107*m**2 - 16*m + 4. What is the tens digit of q(2)?
0
Let t = 19 + -16. Suppose -353 = -5*v + 3*d, 3*v - t*d + 2*d = 211. What is the tens digit of v?
7
Let u be (-5)/25 + 2082/10. Let x = 792 - 895. Let d = x + u. What is the tens digit of d?
0
Let f(u) = -3*u + 20. Let d(b) = 2*b - 26. Let p = 54 - 47. Let c be d(p). What is the tens digit of f(c)?
5
Let f be 5 + 5/(-20)*4*-598. Let l(k) = 99*k - 6. Let j be l(5). Suppose f = 6*h - j. What is the hundreds digit of h?
1
Let f(y) = -y**2 - 32*y - 3. Let m(c) = -c. Let s(t) = f(t) - 6*m(t). What is the hundreds digit of s(-9)?
1
Let i(b) = -13*b**3 - b**2 - 7*b. Let q = 33 + -36. Let n be i(q). Suppose -2*f + 4*a + 328 = 0, 3*a - 1131 + n = -5*f. What is the tens digit of f?
5
Suppose -17*s + 73 + 284 = 0. What is the units digit of ((13860/(-48))/s)/((-2)/104)?
5
Let a be (-579)/45 + (-4)/30. Let h = a - -128. What is the hundreds digit of h?
1
Let b(z) = 8*z + 30. Let v be b(-13). What is the units digit of (v/(-3))/(36/486)?
3
Let d = 0 - 3. Let a(k) = -7*k**3 - 2*k**2 + 8*k + 4. What is the hundreds digit of a(d)?
1
Suppose -p = p - 7*p. Suppose 5*v + 35 = -p*v. What is the tens digit of (-256)/(-2) - (v - -8)?
2
Suppose 0 = -7*a + 3154 + 13597. What is the tens digit of (-4)/252*-7 + a/9?
6
Let r(p) = p**3 + 8*p**2 - p - 20. Let w be r(-5). Suppose 4*h + 5*b = -w + 1310, h = 4*b + 302. What is the units digit of h?
0
Let g(l) = -25*l + 134. Let a(k) = 4*k**2 + 57*k + 25. Let z be a(-13). What is the thousands digit of g(z)?
1
Suppose 5*h - 92342 = -3*k, -6*h - k - 18470 = -7*h. What is the thousands digit of h?
8
Suppose 4*w = 294 + 5226. Suppose w = 8*v - 3124. Suppose 0 = 5*g - v - 82. What is the units digit of g?
9
Suppose 0 = -17*g + 744 + 5937. Let u = -249 - -128. Let d = u + g. What is the hundreds digit of d?
2
Let o be (-3198)/(-779) + 4/(-38). Suppose r + 22 = 4*y - 6, 2*r + 24 = o*y. What is the units digit of y?
8
Let j = -1003 - -8467. What is the tens digit of j?
6
Let o(p) = -p**3 + 10*p**2 + p - 2. Let q be o(10). Let r = -97 + q. What is the units digit of (-11 - r)*(-2)/(-3)?
2
Let c(j) = -8 + 8*j + 6*j + 21*j + 4. Let s be c(11). Suppose -12*w + s = -9*w. What is the hundreds digit of w?
1
Let v(j) = -45*j. Suppose 9*d - 5 = 13. Let z be ((-4)/d)/((-4)/(-6))*1. What is the tens digit of v(z)?
3
Suppose 0 = 5*q - 18 + 8. Let i be (-10 - -21)*(q - 1). Suppose -p - 2410 = -i*p. What is the hundreds digit of p?
2
Let z = -22811 - -62033. What is the hundreds digit of z?
2
Suppose 392*u - 13113308 = -29*u. What is the thousands digit of u?
1
Suppose -s = -4*o, -4*o = -4*s - 2*o + 14. What is the hundreds digit of 300 + 0 - (s + -8)/4?
3
Let m(f) = 76*f + 23. Let d be (-11)/((-33)/(-28))*3/(-2). What is the thousands digit of m(d)?
1
Let u(m) = -4*m**2 - 53*m + 28. Let x be u(-22). Let r = x - -1358. What is the hundreds digit of r?
6
Let j(c) = 261*c - 15. What is the units digit of j(4)?
9
Let j(m) = -101*m + 13. Let l be j(4). Let h = l + 943. Suppose 5*v = h - 172. What is the tens digit of v?
7
Let f be (-1690)/(-2 - ((-36)/15)/1). Let d = f + 2257. What is the tens digit of (-11)/(110/d) + 3/15?
9
Let y(w) = 14*w + 142. Let t be y(-10). Suppose 0 = 2*g + t*b - 5 - 537, -295 = -g + 5*b. What is the units digit of g?
5
Suppose 0 = 14*l - 12961 - 7759. Let j = -598 + l. What is the hundreds digit of j?
8
Suppose 4*x + 3*t + 6 = 22, -33 = -3*x + 3*t. What is the units digit of x/(-21)*1*-447?
9
What is the units digit of (-2)/(24/3) - (-453584)/64?
7
Suppose 0*u + 3*u = 5*j - 2, 5 = 5*j. Suppose -t - u = 0, 4*t + 9 = s - t. What is the tens digit of (-6*s/8 - -39) + -1?
3
Let i(g) = -3*g**3 - 8*g**2 - 12*g - 8. Let s = -64 - -1